e number?
False
Is 14384861 composite?
False
Is 28758011 a composite number?
False
Is 97322523 a prime number?
False
Is 321961 a composite number?
False
Is 64394927 a composite number?
False
Is 3733493 a composite number?
True
Is 683021 composite?
False
Is 127055102 a composite number?
True
Is 8977949 composite?
False
Is 1695191 a composite number?
False
Is 7290427 composite?
True
Is 16888679 prime?
False
Is 662179 a composite number?
True
Is 3888083 composite?
False
Is 4087141 prime?
True
Is 8259221 a composite number?
True
Is 2213051 prime?
False
Is 6411674 a composite number?
True
Is 55902265 composite?
True
Is 10917391 a composite number?
False
Is 1595557 composite?
False
Is 4977157 a composite number?
False
Is 3168377 prime?
False
Is 211385687 prime?
True
Is 100100801 composite?
True
Is 4479154 composite?
True
Is 714167 a composite number?
True
Is 21513751 composite?
True
Is 496825559 a composite number?
False
Is 6282929 a composite number?
False
Is 10679839 a composite number?
True
Is 49990543 composite?
True
Is 2385437 a composite number?
True
Is 1506373 a prime number?
False
Is 556647787 a composite number?
False
Is 437110699 a prime number?
False
Is 103877783 a prime number?
False
Is 3798251 composite?
False
Is 61796563 prime?
False
Is 5162141 composite?
False
Is 178546031 a composite number?
True
Is 826999 a composite number?
True
Is 223244786 composite?
True
Is 5975213 prime?
False
Is 57263237 prime?
True
Is 804689 composite?
False
Is 199506931 composite?
True
Is 127960597 composite?
False
Is 328309211 composite?
False
Is 18289079 composite?
True
Is 89586199 a composite number?
False
Is 6505649 prime?
True
Is 8893039 a prime number?
True
Is 1288933 a composite number?
False
Is 2209387 composite?
True
Is 264545833 a composite number?
False
Is 14197277 prime?
True
Is 18593621 composite?
False
Is 9727979 a prime number?
False
Is 20853641 prime?
True
Is 348545 composite?
True
Is 332471 prime?
True
Is 15496313 a composite number?
True
Is 8482681 a prime number?
True
Is 118860419 composite?
True
Is 1734923 prime?
False
Is 7737109 a prime number?
False
Is 1396043 a composite number?
True
Is 164373917 prime?
True
Is 2454659 a prime number?
False
Is 4979411 composite?
False
Is 181023673 prime?
False
Is 266085151 composite?
False
Is 143867 composite?
True
Is 5470609 prime?
True
Is 3240911 a composite number?
False
Is 4280882 a prime number?
False
Is 80522023 a prime number?
False
Is 30181669 a prime number?
False
Is 18755339 a composite number?
False
Is 11824511 composite?
False
Is 576833 composite?
True
Is 10865671 prime?
True
Is 344329483 prime?
True
Is 11476643 prime?
True
Is 487211 prime?
True
Is 101469427 a prime number?
True
Is 21688757 prime?
False
Is 67661 a prime number?
False
Is 40858421 composite?
False
Is 12790199 composite?
False
Is 4238249 a composite number?
True
Is 30602753 composite?
False
Is 22737749 a composite number?
True
Is 12621131 a prime number?
False
Is 305396855 prime?
False
Is 534199 a composite number?
False
Is 1644283 composite?
False
Is 22873003 prime?
True
Is 6335211 a composite number?
True
Is 11350627 a composite number?
True
Is 39621031 a composite number?
True
Is 392939 a prime number?
False
Is 1074793 a prime number?
False
Is 418940891 a prime number?
False
Is 1781477 prime?
False
Is 132427 composite?
True
Is 56739461 a prime number?
False
Is 13421711 prime?
True
Is 4523381 a composite number?
False
Is 3264637 prime?
False
Is 19913 a composite number?
False
Is 182747 a composite number?
False
Is 12649031 prime?
True
Is 123631681 prime?
False
Is 700919 a prime number?
True
Is 17908589 a composite number?
True
Is 3821431 prime?
False
Is 9487157 a composite number?
False
Is 133409083 a prime number?
False
Is 14086439 composite?
False
Is 277646833 prime?
True
Is 2270783 a composite number?
True
Is 6234883 a composite number?
False
Is 154029709 a prime number?
True
Is 30310897 prime?
False
Is 564193 a prime number?
False
Is 216410849 composite?
False
Is 443456269 a prime number?
True
Is 625169 prime?
True
Is 11531383 composite?
True
Is 26083061 composite?
False
Is 43283829 a composite number?
True
Is 13563883 prime?
False
Is 6577573 a composite number?
True
Is 198775151 a prime number?
False
Is 6172917 a prime number?
False
Is 60391439 prime?
True
Is 15504014 composite?
True
Is 4443463 composite?
False
Is 17488399 composite?
False
Is 796811293 composite?
False
Is 132915277 composite?
True
Is 82332779 a composite number?
False
Is 829607 prime?
False
Is 37230143 a composite number?
False
Is 934361 composite?
True
Is 9047201 composite?
False
Is 13908959 prime?
True
Is 23702207 a composite number?
False
Is 14433431 composite?
True
Is 500107 a composite number?
False
Is 79882063 composite?
True
Is 215077 a prime number?
True
Is 15815551 a prime number?
False
Is 38210209 a prime number?
True
Is 12946327 a prime number?
False
Is 307191 composite?
True
Is 13127099 composite?
False
Is 6035069 composite?
False
Is 1764283 a composite number?
True
Is 7015882 composite?
True
Is 112383329 a composite number?
False
Is 12691507 a composite number?
True
Is 11706881 a composite number?
True
Is 2835281 a composite number?
True
Is 41822342 a prime number?
False
Is 12446789 composite?
False
Is 2924057 prime?
False
Is 8860547 composite?
False
Is 5477267 composite?
False
Is 63769711 prime?
True
Is 1012171 composite?
False
Is 9410213 prime?
False
Is 5221933 a prime number?
True
Is 13991386 prime?
False
Is 3028217 a prime number?
True
Is 128287 composite?
False
Is 91609699 a composite number?
False
Is 9647065 prime?
False
Is 202848449 a composite number?
False
Is 549453041 composite?
False
Is 9613531 a prime number?
True
Is 392818967 prime?
False
Is 609571 a prime number?
True
Is 2446043 prime?
True
Is 247409219 composite?
False
Is 8916151 a composite number?
False
Is 42243298 a composite number?
True
Is 12642551 a composite number?
True
Is 578917 composite?
False
Is 1914031 prime?
False
Is 22570153 prime?
False
Is 2383153 composite?
True
Is 56419397 a prime number?
False
Is 3749227 composite?
True
Is 3440491 prime?
True
Is 778199 prime?
False
Is 1071401 composite?
False
Is 152954513 composite?
False
Is 2450377 a composite number?
False
Is 11097367 composite?
True
Is 89549497 a prime number?
True
Is 216833 composite?
True
Is 53254 composite?
True
Is 3192359 a composite number?
True
Is 173608429 a prime number?
True
Is 180617 composite?
False
Is 74839 a prime number?
False
Is 17362879 prime?
False
Is 184537 a composite number?
True
Is 207391711 prime?
True
Is 49406579 a prime number?
True
Is 269742651 a composite number?
True
Is 86514121 a composite number?
False
Is 812618 prime?
False
Is 117641 a prime number?
False
Is 30407977 composite?
True
Is 123446491 prime?
False
Is 26903087 prime?
True
Is 40259161 prime?
False
Is 6194299 a composite number?
False
Is 3416929 composite?
False
Is 3832943 a composite number?
True
Is 6413899 a composite number?
False
Is 6598589 a prime number?
True
Is 5157959 prime?
False
Is 17829887 a prime number?
False
Is 1848829 a composite number?
True
Is 1675757 prime?
False
Is 76297669 a composite number?
True
Is 8175677 composite?
False
Is 8861 a prime number?
True
Is 14405019 prime?
False
Is 19381535 a composite number?
True
Is 10775587 composite?
True
Is 799259 a composite number?
False
Is 2345927 a prime number?
False
Is 3610297 prime?
False
Is 4841321 a prime number?
False
Is 17141581 a prime number?
False
Is 142526077 a composite number?
True
Is 66346949 composite?
False
Is 16727849 a prime number?
False
Is 96364651 a composite number?
True
Is 19401497 prime?
False
Is 9809287 composite?
False
Is 411085241 composite?
True
Is 348149 prime?
True
Is 107606935 prime?
False
Is 1636049 composite?
False
Is 3286051 composite?
True
Is 2589359 a prime number?
True
Is 26633927 prime?
True
Is 10178653 composite?
True
Is 640613 prime?
True
Is 20541163 a prime number?
False
Is 1693103 prime?
True
Is 1705051 prime?
True
Is 2577821 prime?
True
Is 2221097 composite?
False
Is 4827257 a composite number?
False
Is 15578311 a prime number?
False
Is 236207 a composite number?
False
Is 4207649 composite?
True
Is 2828267 composite?
True
Is 1245059 a prime number?
False
Is 359539 composite?
False
Is 13545473 composite?
True
